8046. What is the units digit of v?
9
Suppose 3*c + 6*c = 0. Suppose -2*f - 3*s + 120 = c, 2*f + 3*s - 318 = -3*f. Suppose -h = -5*j - f, 4*j - 50 = -h + j. What is the tens digit of h?
5
Let s(o) = -20*o - 4. Let v be s(-1). Suppose 4*k - v = 0, -3*k = 2*n - 6*n. Suppose n*l + 2*h = -39 + 219, 5*l = 4*h + 322. What is the units digit of l?
2
Suppose q = 2*q - 5*q. Suppose q = -5*j - 100 + 25. What is the tens digit of (-128)/(-6)*j/(-10)?
3
Let k be 2/(-5) + (-990)/25. Let h = 54 + k. Suppose h*c - 80 = 6*c. What is the tens digit of c?
1
Suppose 4*r = -r - 390. Let n = 80 + r. What is the hundreds digit of n/4 + 2313/18?
1
Let y be 1/4 - (-10)/(-8) - -6. Suppose 0 = 2*i + y*k - 825, -11*k - 795 = -2*i - 6*k. What is the hundreds digit of i?
4
Suppose -4*a + 81274 = -2*t, 53*t = -a + 52*t + 20323. What is the tens digit of a?
2
Suppose -d - 63 + 39 = 0. Let k be d/(-9) + -3 + (-275)/(-15). Let b(z) = -z**2 + 21*z + 27. What is the tens digit of b(k)?
8
Let l(h) = 96*h**3 + h**2 - 4*h + 3. Suppose -16*x + 12*x = -4*k, 4*x - 12 = -2*k. What is the hundreds digit of l(x)?
7
Let o = 1616 - 723. Let v = o + -615. Let s = -104 + v. What is the units digit of s?
4
Let r(d) = 3*d**2 + 19*d + 47. Let c be r(-3). Suppose 0 = -c*k + 881 + 15388. What is the tens digit of k?
5
Let d(t) = t**3 + 19*t**2 + 18*t - 3. Let p be d(-18). Let l be -8*1*p/3. Suppose -4*x = l*x - 1548. What is the tens digit of x?
2
Suppose -47206 = -3*z - 4*o - o, -15740 = -z - 4*o. What is the units digit of z?
2
Let a(m) be the third derivative of -m**4/24 + 7*m**3/2 + 14*m**2. Let l be a(-10). Let k = 62 - l. What is the units digit of k?
1
Let j be 0/(7 + -3 - 2). Suppose 4*p - 2*p = j. Suppose -3*x = k - 125, 4*x - 156 = -p*x + 4*k. What is the tens digit of x?
4
Suppose -5*z - 8 = -33. Suppose -1398 = -3*i + 2*l, 274 = i - z*l - 205. What is the tens digit of i?
6
Suppose 3*x + 116 = c, -c + 5*c + 54 = -2*x. Let p = x - -94. Let v = 59 + p. What is the hundreds digit of v?
1
Let j be (6*(-13)/8)/(8/(-832)). Let n = j + -486. Suppose 11*f - 3*f = n. What is the tens digit of f?
6
Let g(r) = -16*r**3 + 6*r**2 + 10*r - 57. What is the tens digit of g(-7)?
5
Let o(j) = -2*j**2 - 14*j - 78. Let t be o(-37). Let s = t + 3404. What is the units digit of s?
6
Let o be 68 + (-3 - 1) - 4. Let i = o - 61. What is the tens digit of i*(-7)/((-35)/(-310))?
6
Let u = -27 - -29. Suppose u*h = -3*m - 30, h = -3*m - 11 - 7. Let c = 21 + h. What is the units digit of c?
9
Suppose 2*j = -2*g + 16, 0*g + 4*g - 33 = -3*j. Let x(t) = 31 + 12*t**2 + 17*t - g*t**2 - 4*t**2. What is the tens digit of x(13)?
8
Suppose -15 = -3*c - 4*n - 2, -1 = -n. Suppose 0 = 2*x + c*m - 156, 2*m + m = 2*x - 156. What is the units digit of x?
8
Let r = 14 + 38. Suppose -5*d + r = 4*u, -1 = -4*d + u + 49. Suppose 4*w + 0*f = 4*f + 276, -d = 4*f. What is the tens digit of w?
6
What is the tens digit of (-6)/14*-135499 + (-3 - 2)?
6
Suppose -357*i + 360*i = -75. What is the hundreds digit of (-1415)/i*5 + 1?
2
What is the units digit of -20 + 12 + 22 + 5500?
4
Suppose 3*j = 5*j - 4928. Suppose 32*x - j = 24*x. What is the hundreds digit of x?
3
Let v(b) = 10*b**2 - 17. Let r be (-5)/4 + 400/64. What is the tens digit of v(r)?
3
Suppose 452*m - 11048 = 460*m. Let z = 2639 + m. What is the tens digit of z?
5
Let o be (-2 + 5)/((-24)/(-20))*-20. What is the units digit of (3108/10)/((-10)/o)?
4
Let c(s) = -3*s + 14. Let z be c(5). Let q be (10/25)/(z/(-620)). Suppose -8*d = -10*d + q. What is the hundreds digit of d?
1
Suppose -w + 19512 = -2*x, 4*w - 80291 + 2243 = x. What is the hundreds digit of w?
5
Let d be (-2 + -28)*(-22)/(-55). What is the units digit of ((-18)/d)/((-9)/(-4260))?
0
Let s(j) = j**2 - 14*j + 9. Let l be s(13). Let z be (-348)/(-22) - l - 6/(-33). Suppose -24*v = -z*v - 196. What is the tens digit of v?
4
Let m(i) = -1265*i - 692. What is the ten thousands digit of m(-11)?
1
Suppose -5*w + 10600 = 7*s - 9*s, s = 2*w - 4240. Suppose 3*b - w + 47 = 0. What is the tens digit of b?
9
Let u = -20608 + 34686. What is the ten thousands digit of u?
1
Suppose 2052 = -3*x - 5*p, -8*x + 3*p - 2076 = -5*x. Let d = 724 + x. What is the tens digit of d?
3
Let c(m) = -m**2 - 25*m + 29. Let r be c(-26). Let f(d) = -2*d**2 + 1 + 3*d + 2*d + 5*d**3 - 4. What is the units digit of f(r)?
9
Let z be ((-4 - -1)*-1 - 3)/(-2). Suppose -42*h + 36*h + 102 = z. What is the tens digit of h?
1
Suppose 43 - 196 = -2*f - v, -f + 5*v = -60. Let m = 80 - f. Suppose -4*k + m*w = -632, -k + 180 = 5*w + 47. What is the tens digit of k?
5
Suppose 31 = o + 11. Suppose 28*t = -44*t - 144. What is the units digit of t/20 - (-322)/o?
6
Suppose 0 = 276*f + 17*f - 2262061 - 1617259. What is the hundreds digit of f?
2
Suppose -6*v + 5 = -7. Suppose -29 = -l - 4*o - v, 3*l - 5*o - 47 = 0. What is the tens digit of l?
1
Let m = -33431 - -64098. What is the ten thousands digit of m?
3
Let o = 334 - 190. Suppose f - 4*w = 261 + o, 0 = 2*w - 6. What is the hundreds digit of f?
4
Let w(x) = 9*x**2 - 282*x - 1013. What is the units digit of w(97)?
4
Suppose -41*f + 204 = -24*f. Suppose 0 = -f*u + 7372 + 4184. What is the hundreds digit of u?
9
Let j(w) = 41*w + 81. Let i be j(8). Let q = i + -108. What is the units digit of q?
1
Let n = -18632 + 28735. What is the ten thousands digit of n?
1
Suppose 87*u - 1392640 + 588412 = 0. What is the units digit of u?
4
Let i be -30 + ((-2)/(-6) - 144/27). What is the tens digit of 4 - -36*i/(-14)?
9
Suppose -4*g - 78*g + 2012425 = 19*g. What is the thousands digit of g?
9
Let g = -80 - -109. Let h = 154 - g. What is the tens digit of h?
2
Let p(h) = -178*h - 694. What is the units digit of p(-39)?
8
Let c(h) = -453*h - 36. Let u be c(-18). What is the thousands digit of (-1)/(u/2030 - (-8)/(-2))?
1
Let l(o) = -11*o - 117. Let v be l(-9). Let j(u) = -19*u - 113. What is the tens digit of j(v)?
2
Let i(c) = 2*c**2 + 3*c + 1. Let h(n) = -n**3 - 20*n**2 + n + 18. Let u be h(-20). Let p be i(u). Suppose -p*o = o - 36. What is the units digit of o?
9
Let b be (-21)/147 - 338/(-14). Let l be (-8)/b + -3 + 76/(-6). What is the units digit of l/(-32)*(-916)/(-2)?
9
Let p(a) = 4*a - 86. Let v(w) = -3*w + 84. Let b(l) = -4*p(l) - 3*v(l). What is the hundreds digit of b(-13)?
1
Suppose -5*b + 10313 = -5*n + 47338, 0 = 5*n - 4*b - 37019. What is the thousands digit of n?
7
Let h(i) = -3*i - 126. Let o be h(-35). What is the thousands digit of 56592/56 - (-12)/o?
1
Let y = 525 + -355. Let n = 391 + y. What is the units digit of n?
1
Let l(g) = 38*g**3 - g**2 - g - 3. Let r be l(-2). Let t = 648 + r. What is the units digit of t?
9
Let m(n) = -72*n**3 - 3*n**2 - n + 1. Let b = 63 + -11. Let l = b - 53. What is the tens digit of m(l)?
7
What is the hundreds digit of (-4)/3*8388/(-27)*(-180)/(-8)?
3
Suppose 0 = 4*k - q - 4*q - 28, q = -2*k + 14. What is the tens digit of 9*(1337/k + 1)?
2
Suppose -2*y + 17*c = 14*c - 5772, -5*c = -2*y + 5772. What is the thousands digit of y?
2
Suppose 0 = 80*t - 52*t - 261408. What is the tens digit of t?
3
Let r(o) be the first derivative of 6*o**2 - 8*o + 15. Let t be r(4). Suppose -4*k - y - t = -6*k, -5*k + 4*y = -106. What is the units digit of k?
8
Suppose 3*w - 13 = -2*u, -5*w = -4*u - 8*w + 17. Suppose 2*b = u*t + 156, -t = b - 35 - 49. What is the units digit of b?
1
Suppose -2*y = 5*k - 23, y + 4*k + 107 = 6*y. Suppose x - 5*x - y = -5*h, 0 = 3*x - 12. Suppose -9*g + 272 = -h*g. What is the tens digit of g?
3
Let l = 57 - 48. Let f be 30/l - 2*1/(-3). Suppose 0 = -d + f*o + 22, -3*d + 4*d = -4*o + 54. What is the units digit of d?
8
Suppose 22*l - 41*l = 33*l - 359944. What is the thousands digit of l?
6
Suppose 4*d - d = -3*o - 20775, -o = -5. What is the units digit of (-9)/15 - d/50?
8
Suppose 6*j + 520 + 374 = 0. Let w = 174 + j. What is the tens digit of w?
2
Let g(r) = -r**2 + 3*r + 1. Suppose 12 = -b + 10. Let w be g(b). Let h(k) = -17*k + 15. What is the units digit of h(w)?
8
Let m(j) = j**3 - 22*j**2 + 60*j + 9. Suppose -12*y - 3*k = -13*y + 15, 0 = y - 2*k - 17. What is the hundreds digit of m(y)?
8
Suppose -4*x - 4*n + 213696 = 0, -2*x = -n + 22340 - 129203. What is the units digit of x?
9
Let u(j) = -j**2 - 19*j - 7. Let z be u(-14). Let b = z - 13. Let m = b - -8.